.
-2
Let j be -21 + 19 - 9/(-1). Let l(v) = 2*v - 5. Give l(j).
9
Let t(r) = -r**2 + 0*r - r - 3*r + 6. Let g(z) = -z**3 - 11*z**2 - 10*z - 5. Let w be g(-10). Determine t(w).
1
Let p = -4/29 + 53/174. Let k(j) be the third derivative of -1/60*j**5 + 0*j - 1/24*j**4 + 2*j**2 + p*j**3 + 0. Give k(0).
1
Let u(v) be the third derivative of v**5/40 + v**4/4 - 3*v**3/2 + 4*v**2. Let k(h) be the first derivative of u(h). What is k(-4)?
-6
Let j(c) = c - 3. Let y be (0/((-8)/2))/(-2). Calculate j(y).
-3
Let n(d) = d**3 + 1. Let j(y) = -3*y**3 - 6*y**2 + 7*y - 6. Let w(i) = -j(i) - 4*n(i). Calculate w(5).
-8
Let q = 8 + -18. Let z be (4/6)/(q/(-75)). Let h(r) = 4*r**3 - 3*r**2 + 8*r - 10. Let d(v) = v**3 + v**2 + v - 1. Let b(j) = -3*d(j) + h(j). Determine b(z).
-7
Let l be 9/1*(0 + 1). Suppose -2*x - 3*b - 13 - 10 = 0, l = -x - b. Let q(d) = d**3 + 5*d**2 + 2*d + 6. Determine q(x).
14
Suppose 0 = 4*a - 8 - 0. Suppose -z = -3*z + 5*p - 5, -z - 1 = -a*p. Let y(h) = h - 2. Calculate y(z).
3
Let o(d) be the third derivative of 1/60*d**6 + 0 + 0*d + 1/30*d**5 - 4*d**2 - 1/3*d**3 - 1/8*d**4. Determine o(-2).
-4
Suppose -4*l - 156 = -7*l. Suppose -23 = -5*z + l. Suppose 5*j = 5*s - z, -4*j + s = -5*j + 5. Let p(y) = 9*y**3 + 1. What is p(j)?
10
Suppose 0 = u + 3*u - 3*b + 28, 4*b - 14 = 2*u. Let l(z) = z - 6. Determine l(u).
-13
Let j(o) = 8*o**2 + 3*o**3 - 7 - 4*o - 6*o - 2*o**3. Let w be j(-9). Let v(m) = m - w + 5 + 5. Calculate v(0).
8
Let l(r) = -4*r**3 + r**2 + 6*r - 16. Let k(p) = -p**3 + p - 3. Let c(i) = 11*k(i) - 2*l(i). What is c(-2)?
17
Let q(m) be the third derivative of -m**5/12 + m**4/12 + m**3/6 + 9*m**2. What is q(-1)?
-6
Let w(c) be the second derivative of 9/2*c**2 + 0 + c + 1/20*c**5 - 1/3*c**3 - 1/2*c**4. Let a = 10 + -4. What is w(a)?
-3
Suppose -2*z + 3 = f - 6*f, 5*z = -5. Let v(c) = 10*c**3. What is v(f)?
-10
Let p(k) be the third derivative of k**6/120 + k**5/60 + k**4/24 - 7*k**3/6 - 19*k**2. Calculate p(0).
-7
Let z(y) = -y**2 - 8*y - 3. Let m(a) = -2*a**2 - 15*a - 6. Let u(b) = -3*m(b) + 5*z(b). Let l be ((-3)/3)/((-1)/(-3)). Calculate u(l).
-3
Let l(f) = 7*f**2 + 21*f + 12. Let y(p) = -3*p**2 - 10*p - 6. Let x(o) = 2*l(o) + 5*y(o). Suppose 3 - 15 = 3*m. Determine x(m).
10
Let h(q) = -q**3 + 2*q**3 - 4 + q - 3. Suppose 2*a = b - 11, 0*a + 3*a = -3*b - 3. Suppose f = b*f. What is h(f)?
-7
Let q(c) = c**3 - c**2 - c. Let x(j) = -2*j**3 + j**2 + j - 1. Let w(y) = 3*q(y) + 2*x(y). Give w(0).
-2
Let q(t) = 0*t**2 + 3*t**2 - t**2 + 1 - 3*t**2. Calculate q(-1).
0
Let b be (5 + 1)*-1 + 2. Let i(a) = 7 + 5*a**2 - 5*a**2 - 2 + 3*a + a**2. Determine i(b).
9
Suppose -5*n + 0 = -4*f - 12, -10 = f - 3*n. Let x(i) = 4*i**3 - 4*i**2 - 2*i**f + 4 - 3*i**3 + 2*i + 0*i**3. What is x(5)?
-11
Let v(r) = r**2 + 7*r - 8. Suppose -7 + 0 = g. What is v(g)?
-8
Let x(h) = -h + 1. Let j(a) = 20*a**3. Let d be j(1). Suppose -2*m = 2*m - d. Calculate x(m).
-4
Let j(b) be the third derivative of b**4/12 - b**3/2 + 34*b**2. Suppose -16 = 3*u - 1. Determine j(u).
-13
Suppose 15*u + 2*u - 51 = 0. Let n(r) = r**2 - 5*r + 1. Calculate n(u).
-5
Let h(w) = -8 + 1 + 5*w + 3*w**2 - 2*w**2. Suppose -13*f = -18*f - 30. Give h(f).
-1
Let f(b) = b**2 + b + 1. Let h(y) = 3*y + 4. Let j(m) = f(m) - h(m). Let n be ((-2)/(1 + -2))/(-1). Let k be j(n). Let a(v) = v**2 - 3*v. What is a(k)?
10
Let b(m) be the second derivative of 4*m**3/3 - m**2/2 + m. Let y(j) = j - 9. Let h be y(8). Give b(h).
-9
Let v = -9 - -8. Let x(d) = 4*d**2. Calculate x(v).
4
Let a(b) = -b**2 - 5*b - 2*b**2 + 4*b**2 + 0*b**2 - 2. Let o be (-12)/(-6) - -1*3. Calculate a(o).
-2
Let z(a) = a - 6. Let x(r) = 1. Let d(q) = 4*x(q) + z(q). Determine d(4).
2
Let y(r) be the first derivative of r**6/180 - r**4/12 + r**3/3 - 1. Let g(p) be the third derivative of y(p). Let v be (-4 + (-28)/(-4))*(-6)/(-9). Give g(v).
6
Let w(h) = 24*h**3 - h**2 + h + 1. Suppose -3*y = -r + y - 1, -4*y = 0. What is w(r)?
-25
Let s(w) = 22*w**2 + w**3 + 1 - 18*w**2 + 0*w**3 - w. Give s(-4).
5
Suppose 0 = s + 2*g - 8, 3*s - 3 = -3*g + 9. Let w(k) = -6 + s - 3*k - k**3 + 1 + 5*k**2. What is w(4)?
-1
Let s(c) = -6*c - 25. Let j(h) = h + 5. Let o(r) = -11*j(r) - 2*s(r). Determine o(7).
2
Let j(x) be the third derivative of -x**5/60 - x**4/4 - x**3/6 + 4*x**2. Determine j(-5).
4
Suppose 0 = 5*l + 3*b - 22, -4*l + 5*l + 5*b = 22. Suppose -3*s = f - 15, -l*f = 3*s - 24 + 6. Suppose -q = s*q + 5. Let z(g) = -2*g**2 + g + 1. Determine z(q).
-2
Let c(b) be the second derivative of -b**4/12 - 4*b**3/3 + b**2/2 + 7*b. Give c(-6).
13
Let x(y) = -2*y. Let g(d) = 6*d + 1. Let z(u) = -5*u - 1. Let i(h) = 3*g(h) + 4*z(h). Let k(o) = 2*i(o) - 3*x(o). What is k(-2)?
-6
Let x be (-26)/(-5) - 1/5. Let m(r) be the second derivative of r**3/6 + r**2 - 2*r. What is m(x)?
7
Let o(h) be the third derivative of -h**4/12 - h**3/6 - 25*h**2. Give o(-5).
9
Let a be (-3 + 0)*(-4)/6. Let d(k) = a + 3*k + 0 - k + 3. Let w = 2 - 6. Determine d(w).
-3
Let n(m) be the second derivative of -4*m**3/3 + 2*m**2 - 8*m. Determine n(3).
-20
Let t(p) = p**3 - 2*p**2 + 4*p - 3. Let s be (12 + -9)/(2 - 1). What is t(s)?
18
Let o = 3 - 4. Let v(n) = -3 - 61*n + 4 + 65*n. Calculate v(o).
-3
Let b(t) = t - 7. Let y(a) = a**3 - 7*a**2 + 2*a - 9. Let i be y(7). Determine b(i).
-2
Let m(a) be the first derivative of -1/3*a**3 + 0*a - 2*a**2 + 1. Calculate m(-4).
0
Let t(j) be the third derivative of j**5/60 - 2*j**3/3 + 5*j**2. What is t(3)?
5
Let p(r) = -r**2 - r + 1. Suppose -3*h + 24 = -x, -h = 2*x - 3*h + 40. Let u = 33 + x. Suppose -j + 6*j + u = 0. What is p(j)?
-5
Let v(w) = w**3 + w**2 - w. Let u(b) = 3*b**3 + 2*b**2 - 2*b - 15. Let t(j) = u(j) - 2*v(j). Calculate t(0).
-15
Let c(r) be the first derivative of r**6/120 - r**5/15 + r**4/8 - r**3 - 2*r**2 + 4. Let w(m) be the second derivative of c(m). Calculate w(4).
6
Let a(o) = 3*o**3 - 2*o**2 + 3*o - 3. Let g(y) = y**3 - y**2 + y - 1. Let j(d) = a(d) - 5*g(d). Calculate j(2).
-6
Suppose 0*g - 5*g = -20. Suppose -r - g*r = 20. Let i(k) = -k**3 - 3*k**2 + 5*k + 1. Determine i(r).
-3
Let g = 104 - 109. Let l(a) be the first derivative of -a**2 - 6*a - 2. Calculate l(g).
4
Let w(n) = n. Let u(a) = a. Let v(c) = 6*u(c) - 3*w(c). Suppose 11*y + 70 - 48 = 0. Calculate v(y).
-6
Let t(z) = 21 + 13*z + 7*z**3 + 14*z**2 + 12*z - 5*z**3. Let l(b) = -b**3 - 7*b**2 - 12*b - 10. Let a(v) = 9*l(v) + 4*t(v). Calculate a(-6).
6
Let s(a) be the second derivative of a**5/20 + a**4/2 - a**3/6 - 3*a**2/2 - 7*a. Give s(-6).
3
Let p(y) be the first derivative of 5/3*y**3 - 8*y + 1/4*y**4 - 7/2*y**2 - 1. Give p(-6).
-2
Let y(m) = -m**2 - 6*m - 11. Suppose 42*z = 15*z - 135. Determine y(z).
-6
Let p(y) be the first derivative of -y**5/40 + 5*y**4/24 - 2*y**3 + 6. Let v(a) be the third derivative of p(a). Calculate v(6).
-13
Let w(h) = -2*h**2 - 6*h - 6. Let f(v) = v**2 + 2*v + 2. Let o(z) = 8*f(z) + 3*w(z). Determine o(-2).
10
Let h(s) be the first derivative of s**4/4 + s**3 + s**2/2 - 4*s - 6. Let f = -5 + 8. Let u = 0 - f. What is h(u)?
-7
Let n(c) be the third derivative of c**6/120 + c**5/60 - c**4/12 - c**3/2 + 2*c**2 - 14. What is n(-3)?
-15
Let n(z) be the second derivative of z**5/10 + z**4/3 + z**3/2 + z**2 - 2*z. Let u be n(-2). Let i(c) = -c**2 - 4*c - 1. Give i(u).
-1
Let r be ((-2)/(-4))/((-4)/16). Let k = r + 0. Let i(d) = 3*d**2 + 6*d - 3. Let b(f) = f**2 + 2*f - 1. Let p(y) = -8*b(y) + 3*i(y). Calculate p(k).
-1
Let l(c) = c**2 - 5*c - 10. Let x be l(7). Let w(s) = -s**3 + 6*s**2 - 4*s - 4. Determine w(x).
12
Suppose 0 = -5*s + 9 + 1. Suppose 3*u = 5*c + 28, 0*u - u + 10 = -s*c. Let x(v) = v**2 - 6*v - 1. Let f be x(u). Let o(r) = 2*r**3. Determine o(f).
-2
Let b(m) be the first derivative of -m**5/60 - 7*m**4/24 - m**3/6 - 5*m**2 - 10. Let r(v) be the second derivative of b(v). What is r(-5)?
9
Let g = 0 - -1. Suppose r - 2 + g = 0. Let w(p) = 0*p**2 + 4*p**3 - p - p**3 + 2*p**2. What is w(r)?
4
Let t(k) be the first derivative of -k**3/6 + 5*k**2/2 - 4*k - 6. Let c(x) be the first derivative of t(x). Determine c(4).
1
Let g(n) = -2*n**3 - 14*n**2 - 11*n - 18. Let t(l) = l**3 + 7*l**2 + 5*l + 9. Let h(c) = 3*g(c) + 5*t(c). Let x(a) = -2*a + 4. Let z be x(5). Give h(z).
3
Let i = 1 + 2. Let k(b) = -3*b + 2*b - 5 + b**3 - b**2 -